+ 11?
1010011
In base 9, what is 804 + 3?
807
In base 13, what is -2905 + 0?
-2905
In base 16, what is 1d + -6?
17
In base 12, what is -77 + -5?
-80
In base 13, what is -1 - 1737?
-1738
In base 11, what is 5 + -601?
-5a7
In base 16, what is -19e7 + -5?
-19ec
In base 5, what is 323 - 12?
311
In base 3, what is 10 - 122?
-112
In base 13, what is -23 - -5?
-1b
In base 4, what is 0 + -122?
-122
In base 14, what is -32 - 10?
-42
In base 14, what is -12a9 - 1?
-12aa
In base 7, what is -533 + 4?
-526
In base 3, what is -10 + -1002?
-1012
In base 13, what is 9b + 2a?
c8
In base 8, what is 1 - 27?
-26
In base 6, what is -15501 - -5?
-15452
In base 7, what is -361 - 66?
-460
In base 9, what is -135 + 5?
-130
In base 10, what is 1 + -40?
-39
In base 2, what is -100 + -10111?
-11011
In base 16, what is -1 - a5?
-a6
In base 8, what is -4 + -10?
-14
In base 5, what is -210 - 4?
-214
In base 7, what is -310 + -2?
-312
In base 15, what is -a + -7d?
-88
In base 15, what is 5 + 2b?
31
In base 5, what is -14124 - 0?
-14124
In base 2, what is 100100011000 - 1?
100100010111
In base 12, what is -10 - -4?
-8
In base 12, what is -5 + 28?
23
In base 6, what is 3 + -5040?
-5033
In base 13, what is 13 + -b?
5
In base 5, what is -2 - 30?
-32
In base 9, what is 56 - -12?
68
In base 6, what is -233015 - 1?
-233020
In base 15, what is 5 - -cc?
d2
In base 8, what is 1031 + -10?
1021
In base 2, what is 0 + 110110001?
110110001
In base 8, what is -5024 + 0?
-5024
In base 9, what is -3415 + 4?
-3411
In base 6, what is -115 + 14?
-101
In base 3, what is 1 + -2211?
-2210
In base 5, what is 4 - 110230?
-110221
In base 15, what is 2 - -174?
176
In base 7, what is 3221 + -1?
3220
In base 11, what is -4 + -781?
-785
In base 14, what is -1 - b8?
-b9
In base 9, what is -267 + -1?
-268
In base 6, what is -4040 + -5?
-4045
In base 14, what is -3c6 - 5?
-3cb
In base 5, what is -112221 + 10?
-112211
In base 14, what is 21 + -46?
-25
In base 8, what is 3217 + 2?
3221
In base 6, what is 2203 + -12?
2151
In base 10, what is -116 + 1?
-115
In base 7, what is 6325 - 3?
6322
In base 4, what is -11 + -130303?
-130320
In base 4, what is -231021 + -2?
-231023
In base 9, what is -52 + 6?
-45
In base 10, what is 38 + -23?
15
In base 8, what is -7 - 10?
-17
In base 8, what is 1 + 21?
22
In base 10, what is 3 - -2503?
2506
In base 15, what is -5d - 3?
-61
In base 9, what is -10 + 37?
27
In base 4, what is 11231 - -10?
11301
In base 9, what is -15 + -20?
-35
In base 3, what is 201 - -20?
221
In base 2, what is -11011 + 100?
-10111
In base 10, what is 1 - -8729?
8730
In base 4, what is -10 + 10031?
10021
In base 8, what is 3147 - 11?
3136
In base 15, what is 20 + 7?
27
In base 7, what is 2635 + 0?
2635
In base 15, what is -3 - -7a?
77
In base 5, what is -41 - 40?
-131
In base 2, what is 11001100 + -1010?
11000010
In base 2, what is -11001 + -1?
-11010
In base 14, what is dc - -9?
107
In base 5, what is 223 + -1003?
-230
In base 14, what is 7 + -1bb?
-1b4
In base 9, what is 153 + -76?
66
In base 14, what is 3b + 93?
d0
In base 12, what is -95 + 5?
-90
In base 2, what is 101 - -10111001?
10111110
In base 2, what is 1100001 - 0?
1100001
In base 12, what is 10 - -a9?
b9
In base 13, what is -27 + 5?
-22
In base 6, what is -21 - 1354?
-1415
In base 2, what is 0 + -10000100?
-10000100
In base 8, what is 5 - -16?
23
In base 2, what is 11 - 1001010?
-1000111
In base 4, what is -122031 - 11?
-122102
In base 9, what is 4 - 466?
-462
In base 3, what is 2100 + 12001?
21101
In base 4, what is 33012 - 0?
33012
In base 12, what is 5ba - -6?
604
In base 4, what is -101 + 110133?
110032
In base 2, what is -100100011 + -10111?
-100111010
In base 16, what is 43 - -f?
52
In base 3, what is 1220222 - 12?
1220210
In base 11, what is 1 - 71?
-70
In base 16, what is 13 + -1?
12
In base 7, what is -3 + 25255?
25252
In base 8, what is 440 + 5?
445
In base 5, what is -1134 + 14?
-1120
In base 12, what is 1 - -3?
4
In base 14, what is 19b2 - -3?
19b5
In base 8, what is -3 - -45?
42
In base 9, what is -4 - 633?
-637
In base 10, what is -4 - 68?
-72
In base 15, what is -d94c + -1?
-d94d
In base 14, what is -5 + -251?
-256
In base 5, what is -2204 - 2?
-2211
In base 3, what is -1 - -20111012?
20111011
In base 7, what is -32224 - 4?
-32231
In base 14, what is 23 + 0?
23
In base 8, what is 44 - 4?
40
In base 16, what is -25a - -3?
-257
In base 6, what is -32 + 510?
434
In base 2, what is -11001001 + -1?
-11001010
In base 7, what is -51 - -3?
-45
In base 13, what is 4 + 3?
7
In base 9, what is -1124 - 1?
-1125
In base 4, what is -11 + 2112?
2101
In base 14, what is 323c + -3?
3239
In base 2, what is 10110100110000 - -101?
10110100110101
In base 4, what is -3 - 102000?
-102003
In base 6, what is 0 + -135?
-135
In base 3, what is -110 - -110?
0
In base 10, what is -12 + -8?
-20
In base 10, what is -173 + 6?
-167
In base 8, what is 6 + 62?
70
In base 2, what is -101001011 - 1100?
-101010111
In base 11, what is -34 - -54?
20
In base 4, what is 133 + -1?
132
In base 3, what is 1211122 - 20?
1211102
In base 14, what is -4d5 - 0?
-4d5
In base 14, what is 154c - 0?
154c
In base 13, what is 3 + b5?
b8
In base 2, what is 1100111100 - 10000?
1100101100
In base 3, what is 12 - 2102200?
-2102111
In base 6, what is 153240 - 3?
153233
In base 14, what is c6 + -2?
c4
In base 12, what is 6b7 - 3?
6b4
In base 6, what is 4 + 45?
53
In base 12, what is 559 + 3?
560
In base 15, what is 4 - 2b1?
-2ac
In base 3, what is -11100 - -12?
-11011
In base 7, what is 2 - 105?
-103
In base 5, what is -14122 + 3?
-14114
In base 16, what is -7 + 5e?
57
In base 16, what is -191e - -5?
-1919
In base 7, what is -2 + -1113?
-1115
In base 4, what is 30 + -202?
-112
In base 9, what is 6 - -133?
140
In base 14, what is -3411 + 5?
-340a
In base 12, what is b1 + -8?
a5
In base 2, what is -111000 - 100011?
-1011011
In base 16, what is f7 + -5?
f2
In base 6, what is -22422 + -4?
-22430
In base 11, what is -1337 - 1?
-1338
In base 8, what is 175 + -5?
170
In base 15, what is 43 + -d?
35
In base 11, what is 0 + 26?
26
In base 10, what is -5 + 3350?
3345
In base 5, what is 12204 - 0?
12204
In base 10, what is -13 + -87?
-100
In base 7, what is -6 + -354?
-363
In base 11, what is 53a + 8?
547
In base 2, what is -100 - -1000010111?
1000010011
In base 8, what is 63455 + 5?
63462
In base 11, what is -29 - 27?
-55
In base 8, what is -215 - 33?
-250
In base 5, what is 41031 + 2?
41033
In base 6, what is 54 + -4?
50
In base 7, what is 10 + 15?
25
In base 2, what is -10010 + 101110?
11100
In base 5, what is 141 + 33?
224
In base 4, what is 103013 + 1?
103020
In base 14, what is 321 - -3?
324
In base 13, what is 112 + 1a?
12c
In base 12, what is -453 + 2?
-451
In base 8, what is 5 - 554?
-547
In base 4, what is -11 - 302?
-313
In base 8, what is 6 + -34?
-26
In base 8, what is 5 - -7306?
7313
In base 3, what is -110 - 11?
-121
In base 11, what is -2 - 60?
-62
In base 4, what is -3 - -23?
20
In base 16, what is -70 + -21?
-91
In base 8, what is -1 + 1327?
1326
In base 14, what is 1 + -59?
-58
In base 6, what is 42 - -153?
235
In base 11, what is -4 - 2?
-6
In base 12, what is -a7 + 2?
-a5
In base 2, what is -1000100 + 101110?
-10110
In base 16, what is -1b - 34?
-4f
In base 6, what is -244100 - -2?
-244054
In base 15, what is 595 - -1?
596
In base 12, what is 58 - -5?
61
In base 2, what is -110 - 1010000100?
-1010001010
In base 16, what is 41f - -2?
421
In base 16, what is 1 + 68c?
68d
In base 10, what is -5 + 1188?
1183
In base 6, what is -1 - 153?
-154
In base 14, what is 56a - 5?
565
In base 9, what is 47708 + 4?
47713
In base 12, what is 363 + -2?
361
In base 14, what is -4 - d5?
-d9
In base 8, what is 2 + -1425?
-1423
In base 16, what is 4 - 1c1?
-1bd
In base 11, what is 4 - a?
-6
In base 6, what is -332 - -5?
-323
In base 13, what is -1 + -31?
-32
In base 13, what is -29b + 1?
-29a
In base 12, what is -a + -1232?
-1240
In base 6, what is -40 + 105?
25
In base 12, what is 139 + -1?
138
In base 10, what is -7 + -2?
-9
In base 14, what is -502 + 0?
-502
In base 6, what is 44424 - 0?
44424
In base 12, what is -b + -1?
-10
In base 9, what is 106 - -5?
112
In base 14, what is 73 + 2?
75
In base 3, what is -12 - 22011?
-22100
In base 5, what is -10324 - -3?
-10321
In base 3, what is 20121 - 